remainder when 943320 is divided by 234535.
5180
Calculate the remainder when 3297020 is divided by 802.
800
What is the remainder when 1335955 is divided by 6922?
9
What is the remainder when 286890 is divided by 1320?
450
Calculate the remainder when 133437835 is divided by 2721.
2716
What is the remainder when 3183014 is divided by 10301?
5
What is the remainder when 633398 is divided by 17594?
14
Calculate the remainder when 27292242 is divided by 31.
28
What is the remainder when 4221102 is divided by 141?
126
Calculate the remainder when 22367411 is divided by 307.
5
Calculate the remainder when 56872 is divided by 6904.
1640
What is the remainder when 7150858 is divided by 29794?
298
What is the remainder when 3311645 is divided by 827873?
153
Calculate the remainder when 14631 is divided by 1966.
869
What is the remainder when 935528 is divided by 9546?
20
What is the remainder when 1369921 is divided by 190?
21
Calculate the remainder when 1038808 is divided by 519310.
188
What is the remainder when 358117 is divided by 1499?
1355
Calculate the remainder when 34320 is divided by 11366.
222
What is the remainder when 117618997 is divided by 38?
29
Calculate the remainder when 68311228 is divided by 1810.
18
Calculate the remainder when 1759372 is divided by 1332.
1132
Calculate the remainder when 92393 is divided by 3136.
1449
Calculate the remainder when 3594962 is divided by 1112.
978
Calculate the remainder when 214916099 is divided by 105.
104
Calculate the remainder when 1049089 is divided by 39.
28
Calculate the remainder when 81843781 is divided by 27281255.
16
Calculate the remainder when 8795186 is divided by 4397592.
2
Calculate the remainder when 47724 is divided by 3817.
1920
Calculate the remainder when 250970 is divided by 1195.
20
Calculate the remainder when 2893759 is divided by 6282.
4039
What is the remainder when 14465033 is divided by 19?
10
Calculate the remainder when 1943556 is divided by 2581.
63
Calculate the remainder when 1166014 is divided by 68571.
307
Calculate the remainder when 2444889 is divided by 1971.
849
What is the remainder when 24594 is divided by 19126?
5468
Calculate the remainder when 740906 is divided by 148150.
156
Calculate the remainder when 13910506 is divided by 684.
682
What is the remainder when 1795749 is divided by 897846?
57
What is the remainder when 4598 is divided by 155?
103
Calculate the remainder when 356407 is divided by 2967.
367
What is the remainder when 1812744 is divided by 9540?
144
Calculate the remainder when 5756941 is divided by 3256.
333
What is the remainder when 2805848 is divided by 3174?
32
Calculate the remainder when 2497 is divided by 88.
33
What is the remainder when 90892 is divided by 96?
76
What is the remainder when 95531 is divided by 2508?
227
What is the remainder when 12557320 is divided by 132?
28
What is the remainder when 743489 is divided by 496?
481
Calculate the remainder when 452010 is divided by 103.
46
Calculate the remainder when 490442 is divided by 890.
52
What is the remainder when 163138 is divided by 664?
458
What is the remainder when 66679024 is divided by 647369?
17
Calculate the remainder when 9326207 is divided by 18765.
2
Calculate the remainder when 21731 is divided by 2017.
1561
What is the remainder when 192004 is divided by 1524?
1504
Calculate the remainder when 14282732 is divided by 46.
8
What is the remainder when 6853754 is divided by 4945?
4929
Calculate the remainder when 87005 is divided by 10725.
1205
What is the remainder when 3399434 is divided by 4336?
10
What is the remainder when 58321 is divided by 29020?
281
What is the remainder when 42797141 is divided by 68257?
2
Calculate the remainder when 251056 is divided by 124068.
2920
What is the remainder when 27794921 is divided by 5?
1
What is the remainder when 149411 is divided by 36815?
2151
What is the remainder when 2168 is divided by 1322?
846
What is the remainder when 11463318 is divided by 12?
6
What is the remainder when 3106667 is divided by 2814?
11
What is the remainder when 26351389 is divided by 32?
29
Calculate the remainder when 1212196 is divided by 293.
55
What is the remainder when 944793 is divided by 2327?
31
Calculate the remainder when 120875 is divided by 13429.
14
Calculate the remainder when 2115196 is divided by 704988.
232
What is the remainder when 12279954 is divided by 719?
153
What is the remainder when 7179421 is divided by 1621?
12
What is the remainder when 315593 is divided by 22542?
5
What is the remainder when 4640928 is divided by 3820?
3448
Calculate the remainder when 11953 is divided by 5261.
1431
What is the remainder when 6275 is divided by 1027?
113
What is the remainder when 205261 is divided by 1242?
331
What is the remainder when 343963553 is divided by 41?
39
Calculate the remainder when 698339 is divided by 324.
119
What is the remainder when 4111094 is divided by 763?
50
What is the remainder when 7895156 is divided by 3101?
10
Calculate the remainder when 6960410 is divided by 8.
2
Calculate the remainder when 63018 is divided by 7820.
458
Calculate the remainder when 415539485 is divided by 104.
101
Calculate the remainder when 829913 is divided by 112.
105
What is the remainder when 511700 is divided by 527?
510
Calculate the remainder when 167255 is divided by 3619.
781
What is the remainder when 94108 is divided by 62?
54
What is the remainder when 487163 is divided by 228?
155
What is the remainder when 82711 is divided by 1645?
461
What is the remainder when 68435 is divided by 68270?
165
Calculate the remainder when 148504472 is divided by 7.
4
Calculate the remainder when 54338012 is divided by 376.
372
What is the remainder when 118315 is divided by 8970?
1705
What is the remainder when 239241 is divided by 238540?
701
Calculate the remainder when 38748 is divided by 112.
108
Calculate the remainder when 3025470 is divided by 100849.
0
What is the remainder when 147692 is divided by 72784?
2124
What is the remainder when 558838 is divided by 9157?
261
What is the remainder when 151662 is divided by 1018?
998
What is the remainder when 11143267 is divided by 48?
19
Calculate the remainder when 2481672 is divided by 30261.
270
What is the remainder when 715567 is divided by 878?
875
What is the remainder when 5794 is divided by 235?
154
What is the remainder when 91342 is divided by 5699?
158
What is the remainder when 16149 is divided by 993?
261
What is the remainder when 238066 is divided by 47582?
156
What is the remainder when 4648394 is divided by 94860?
254
What is the remainder when 1490694 is divided by 70985?
9
Calculate the remainder when 8283913 is divided by 144.
25
Calculate the remainder when 2764452 is divided by 600.
252
Calculate the remainder when 282325 is divided by 12273.
46
Calculate the remainder when 106236 is divided by 103592.
2644
Calculate the remainder when 644777 is divided by 214552.
1121
What is the remainder when 5988613 is divided by 230331?
7
What is the remainder when 76338 is divided by 75580?
758
What is the remainder when 2083408 is divided by 71839?
77
Calculate the remainder when 161934 is divided by 331.
75
Calculate the remainder when 25841777 is divided by 162.
23
Calculate the remainder when 41144306 is divided by 570.
566
Calculate the remainder when 7768836 is divided by 642.
636
What is the remainder when 94743 is divided by 53?
32
What is the remainder when 56313 is divided by 4158?
2259
What is the remainder when 3381179 is divided by 112?
11
What is the remainder when 141041633 is divided by 4407?
5
Calculate the remainder when 143517 is divided by 2812.
105
What is the remainder when 517072 is divided by 7818?
1084
What is the remainder when 111691 is divided by 3396?
3019
Calculate the remainder when 28839929 is divided by 483.
482
What is the remainder when 28821895 is divided by 95?
35
What is the remainder when 428686 is divided by 25203?
235
What is the remainder when 3706603 is divided by 153?
25
What is the remainder when 1850008 is divided by 1291?
5
What is the remainder when 109810 is divided by 2289?
2227
What is the remainder when 2448652 is divided by 3924?
76
What is the remainder when 51030 is divided by 1460?
1390
What is the rema